et m = -33 - p. What is the remainder when m is divided by 17?
15
What is the remainder when 99 is divided by (-1)/(2*(-3)/204)?
31
Suppose 5*q = w - 0*w + 12, q - w = 0. Suppose -h - 8 = -6*h + 2*g, 0 = h - q*g + 1. Let s(t) = -t + 2. Calculate the remainder when h is divided by s(0).
0
Suppose -5*t + 20 + 55 = 0. What is the remainder when ((-86)/8)/(4/(-16)) is divided by t?
13
Let k(b) = b - 7. Let r be k(5). Let v = r + 9. What is the remainder when 17 is divided by v + (-1 - (-6)/2)?
8
Let j(w) = w**2 - 8*w + 9. Let r be j(9). Suppose 3*x - r = -0*x. Calculate the remainder when x is divided by 3.
0
Let l(z) = 12*z + 2. Calculate the remainder when l(2) is divided by 15.
11
Suppose 11 + 9 = 5*g. Suppose -6 = g*y - 42. Suppose 0 = 4*i - 5*i + 1, -i = 5*k - 176. Calculate the remainder when k is divided by y.
8
Let g = 0 + 11. Calculate the remainder when g*-4*-1 - -2 is divided by 16.
14
Let x(r) = -r - 3. Let l be x(-7). Suppose -5*i + 11 = -l. Suppose 9 = 3*q - 6. What is the remainder when q is divided by i?
2
Let b = -6 - -25. Calculate the remainder when 51 is divided by b.
13
Let x(y) = 3*y - 54. Let b(s) = -s**2 - 12*s + 8. Calculate the remainder when b(-8) is divided by x(25).
19
Let u = 0 + 4. Calculate the remainder when u/(-5)*15/(-2) is divided by 4.
2
Let l = 6 + -15. Let o = l - -27. Calculate the remainder when 69 is divided by o.
15
Let h = -5 - -10. Suppose -3*y = -2*r + 28, -4*r + 54 = 5*y - 2. What is the remainder when r is divided by h?
4
Let x(d) = -d**3 + 6*d**2 - 8*d + 6. Let o be x(5). What is the remainder when ((-66)/o - 0)*6 is divided by 15?
14
Let l(j) = -j**2 + j + 28. What is the remainder when 109 is divided by l(0)?
25
Let g = 12 - -63. Calculate the remainder when g is divided by 26.
23
Let o = 19 + -9. Calculate the remainder when 37 is divided by o.
7
Let y be (2/6)/((-2)/(-102)). Let h = -9 + y. Let w(g) = 4*g - 2. Calculate the remainder when w(4) is divided by h.
6
Calculate the remainder when 45 is divided by 3/1 + 10/2.
5
Let t be 2/1 + 61 - 3. Suppose p + a - t = 3*a, -75 = -p - a. What is the remainder when p is divided by 18?
16
Let p = 12 - -11. Calculate the remainder when 44 is divided by p.
21
Suppose 4*s = -s - 55. Let d = s - -49. What is the remainder when d is divided by 20?
18
Let z = 401 - 364. Suppose y = -o + 3*y, 0 = -3*o - 2*y + 8. What is the remainder when z is divided by ((-1)/o)/((-2)/76)?
18
Let o = 57 + -43. Calculate the remainder when o is divided by 10.
4
Let j(q) = 7*q**2. Let k be j(1). Let r(t) = -2*t + 16. Calculate the remainder when r(k) is divided by 1.
0
Suppose 260*y - 258*y = 232. Calculate the remainder when y is divided by 13.
12
Suppose -2*m - 9 = -5*m. Suppose -m*q + 15 = -2*q. Suppose 2*y - 5 - q = 0. Calculate the remainder when 19 is divided by y.
9
Suppose -3*m + 2*l = -25, -3*m + 7 = 5*l - 4. Calculate the remainder when 30 is divided by m.
2
Suppose -2*o + k = -0*k - 23, k = -4*o + 55. Suppose 0 = 2*p - 3*p + 2. Suppose 5*m = -j + 25, -p*m = 3*m. What is the remainder when j is divided by o?
12
Suppose 23*z = 13*z + 210. Calculate the remainder when 99 is divided by z.
15
Let n(c) be the second derivative of 0 - c**2 + 2*c - 1/2*c**3 - 1/20*c**5 + 1/12*c**4. What is the remainder when 47 is divided by n(-2)?
15
Suppose -518 = -12*j - 2*j. What is the remainder when j is divided by 5?
2
Suppose h = -0*h + 5*k + 17, 4*k + 8 = 0. What is the remainder when 18 is divided by h?
4
Let y = -378 + 380. Let h(c) = -9*c - 10. Let q(g) = -17*g - 19. Let t(b) = -11*h(b) + 6*q(b). What is the remainder when t(-3) is divided by y?
1
Let r be (3/(-2))/(9/24). Let w be (-6)/r*(16 - -2). Suppose -4*i = -i - w. What is the remainder when 35 is divided by i?
8
Suppose -5*u = -5*w + 25, -w - 1 = u - 3*w. What is the remainder when 19 is divided by 7/(-4)*(5 + u)?
5
Suppose o = -d + 5, -d + 2*o = 6*o - 20. Suppose d = r + 5 - 21. Calculate the remainder when 30 is divided by r.
14
Let p(k) = k**2 - 3*k + 3. Calculate the remainder when 7 is divided by p(3).
1
Let j be ((-20)/(-8) - 3)*6. What is the remainder when (-296)/(-6) + 4/j is divided by 17?
14
Suppose 3*w - 72 = -0*w. What is the remainder when w is divided by 4/(-18) - 830/(-90)?
6
Let w = 13 + -8. Suppose -w*b = -b. Suppose -5*h + 175 = -b*h. Calculate the remainder when h is divided by 9.
8
Let r be (-2 - -1 - -2) + 12. Suppose 4*f - 61 = -r. What is the remainder when 23 is divided by f?
11
Let f(a) be the first derivative of a**2/2 + 6*a - 2. Suppose -22 = 5*p - 7. Calculate the remainder when 5 is divided by f(p).
2
Suppose -7*i + 3*i = -60. What is the remainder when 92/5 - (-9)/i is divided by 5?
4
Suppose 0 = 2*j + 3*v - 8, 0*j + 4*j = 2*v + 48. What is the remainder when 39 is divided by (j/3)/((-12)/(-36))?
9
Suppose -3*v - 2*s + 432 = -7*s, s + 698 = 5*v. Suppose -4*w + l - v = 0, -5*l = -9 + 34. Calculate the remainder when (w/(-15))/((-4)/(-50)) is divided by 16.
14
Let t = -7 + 25. What is the remainder when 70 is divided by t?
16
Suppose -x = -2*p - 0*x + 25, -4*p + 5*x + 35 = 0. Suppose 5*k + 158 - 698 = 3*f, 0 = 3*f - p. What is the remainder when k is divided by 28?
27
Let d = -7 + 9. Suppose 78 = -2*c + 7*c + 2*l, 0 = -d*c - 5*l + 27. Calculate the remainder when 31 is divided by c.
15
Suppose 0 = 9*p - 16*p + 1211. Calculate the remainder when p is divided by 25.
23
Suppose 4*n + n + 35 = 2*b, 5*b - 4*n - 45 = 0. What is the remainder when (39/2)/(-3)*-2 is divided by b?
3
Let q(t) = t**3 + 5*t**2 + t + 5. Let v be q(-5). Suppose v = -j - 4*j + 5. Calculate the remainder when j*27 - (-8 + 7) is divided by 10.
8
Suppose -3*z - 2*z = -25. Suppose z = 2*s - 3. What is the remainder when 13 is divided by s?
1
Let n be (-2 - -1)/1*-11. Let p = n + -6. Calculate the remainder when (-2)/(-4) - (-75)/6 is divided by p.
3
What is the remainder when 71 is divided by ((-168)/(-20) + -1)*5?
34
Let x = -124 - -141. Calculate the remainder when x is divided by (-2)/((-4)/6) - -2.
2
Let w(k) = -3 + 3 + k**2 - 2 + 1 + 2*k. Let t be w(-3). Suppose -4*y + t*y + 40 = 2*s, s = 4*y + 5. Calculate the remainder when 32 is divided by s.
15
Let t(m) = m**2 + 2. Let a be t(-3). Suppose h - 5*q - a = 0, -2*h + 8 = 5*q + 1. Calculate the remainder when 9 is divided by h.
3
Let c = -23 + 47. Calculate the remainder when 46 is divided by c.
22
Let s = -23 - -37. What is the remainder when s is divided by 10?
4
What is the remainder when -25*2*3/(-15) is divided by (4/(-3))/((-2)/6)?
2
What is the remainder when 15 is divided by -2 + (-2)/(-4)*16?
3
Let h = 79 + -117. What is the remainder when (h/6)/(2/(-6)) is divided by 7?
5
Let m = -22 + -27. Let t = -28 - m. What is the remainder when t is divided by 6?
3
Let d(u) = -12*u + 7*u**2 - 3*u**3 + u**3 + 3*u**3 + 16*u - 6. Calculate the remainder when 23 is divided by d(-6).
5
Suppose -2*n = -5*j - n + 29, 0 = -j + 4*n + 21. Let t = 6 - 4. Suppose -j*u + 36 = -t*u. What is the remainder when 22 is divided by u?
10
Let b = 217 + -209. What is the remainder when 21 is divided by b?
5
Suppose 10 + 30 = 4*p. Let j = 4 + -1. Calculate the remainder when p is divided by j.
1
Suppose -8*i + 24 = -5*i. What is the remainder when 38 is divided by i?
6
Let o = 25 - -2. What is the remainder when o is divided by 7?
6
Let t(m) = -m**2 + 4. Let k be t(0). Let p = k - -2. What is the remainder when 9 is divided by p?
3
Suppose -z - 128 = -5*z. What is the remainder when (-9)/(-3 - z/(-12)) is divided by 7?
6
Calculate the remainder when 3 + 0 + -1 - -10 is divided by 7.
5
Let z = -7 + 16. Calculate the remainder when 34 is divided by z.
7
Suppose 4*o + 4*q - 264 = 0, q = -0*o + 3*o - 182. Calculate the remainder when o is divided by 21.
20
Suppose -4*w - 18 = 5*r, 0 = w - 4*r + 8 + 7. Let m = 29 + w. Calculate the remainder when m is divided by 12.
10
What is the remainder when 561/9 + 1/(-3) is divided by 21?
20
Suppose -10*s + s = -711. Calculate the remainder when s is divided by 29.
21
Suppose 5*i = 2*i + 6. What is the remainder when i is divided by 1?
0
Let b = 28 - 19. Suppose p + 3*f - 12 = 0, p + p - f - 24 = 0. What is the remainder when 48 + (b + 0)/(-3) is divided by p?
9
Let i(v) = 2*v + 8. What is the remainder when i(3) is divided by 4?
2
Suppose z = -4*z + 45. Suppo